e greatest common factor of v and x?
11
Suppose 5*x + 36*a - 31*a - 6490 = 0, -5*x + 6490 = 4*a. What is the greatest common factor of 826 and x?
118
Let v = 681 + 969. Calculate the greatest common factor of v and 150.
150
Let i(h) = 1 + 1 + 1 + 3*h - 4. Let c be i(1). Suppose -7*r + 87 + 67 = 0. Calculate the greatest common divisor of r and c.
2
Suppose -u + 6*u - 640 = 0. Suppose -4*g = u - 36. Let w(c) = c + 27. Let y be w(g). Calculate the highest common divisor of y and 6.
2
Let o = 5372 - 5330. What is the highest common divisor of o and 13062?
42
Suppose -4*r = -6*t + t + 270, 0 = 5*t + 3*r - 270. Let z be 1 - (-2)/((-4)/(-2)). Suppose -z*g - 81 = -5*g. What is the greatest common factor of t and g?
27
Let p(b) = 0 + 169*b - 51 + 6*b + 6. Let w be p(3). What is the highest common factor of 30 and w?
30
Suppose 4*k + 6*s = 2*s + 28, -4 = -4*k + 4*s. Let f(n) = 3 - 2 + 3*n**3 - k*n**3 - n**2 - 2. Let o be f(-2). Calculate the highest common factor of o and 24.
3
Let u = -3699 - -3753. Calculate the highest common divisor of u and 96.
6
Let y(h) = 61*h**3 - 2*h**2 + 1. Let g be y(1). Let i = 3494 - 3359. What is the highest common divisor of i and g?
15
Let l be 3/(-18) + (-7)/(-42). Suppose -8*c + 139 - 123 = l. Calculate the highest common divisor of c and 46.
2
Suppose 2900 = -31*s + 176*s. Suppose -51 = -4*v - 2*g - 15, 0 = -v - 4*g + 16. Suppose 6*x - 4*x = v. Calculate the greatest common factor of x and s.
4
Suppose 85 = 5*j + 5*b, -5*j + 2*j - 2*b + 46 = 0. Let p = 30726 - 30414. What is the highest common factor of p and j?
12
Let q(j) = -j**3 + 12*j**2 - 27*j - 49. Let f be q(6). Calculate the highest common factor of 2080 and f.
5
Let m(n) = -115*n - 3929. Let j be m(-35). Let z be ((-1)/3)/((-11)/231). Let c be (1 + -19)*(-56)/z. What is the greatest common factor of c and j?
48
Suppose w - 285 = -151. Let n = 154 - w. What is the greatest common factor of 60 and n?
20
Suppose -11*z + 8 + 14 = 0. Let w be ((-96)/(-20) - z)/((-1)/(-5)). Calculate the greatest common factor of 14 and w.
14
Let y = -30827 + 44631. Calculate the greatest common factor of 116 and y.
116
Let m = 8441 - 7097. Calculate the greatest common factor of 588 and m.
84
Let b be (12/15)/(14/(-175)). Let t be b/15 - 798/(-9). Let d = 70 + -48. What is the highest common factor of t and d?
22
Suppose -3*o - p = -160, 2*p = 3*o - 36 - 130. What is the highest common divisor of o and 2349?
27
Let a(v) = -2*v**3 - 19*v**2 + 41*v + 71. Let m be a(-14). Calculate the highest common factor of m and 4.
1
Let u(s) = 712*s - 1993. Let w be u(3). Calculate the greatest common divisor of w and 2497.
11
Suppose q + 4*q + 110 = 0. Let f = 100 + q. Suppose 3*k = -2*d + f, 3*d + 2*k - 103 = k. What is the highest common factor of d and 264?
33
Let i = 342 + -242. Suppose 0*g + 4*p - 14 = -3*g, -3*g = 5*p - 10. What is the highest common factor of g and i?
10
Suppose 2*m + 498 = 5*l - 1879, -l = -2*m - 469. Suppose -3*z = 99 - l. Calculate the highest common divisor of z and 693.
63
Let b be 6/(-4) - 4674/76. Let s = b - -108. Suppose -122 = -3*n - n + 2*f, 2*n - 5*f = 65. What is the greatest common divisor of n and s?
15
Let y be (17/(-3))/(179/(-537)). Calculate the highest common factor of 16949 and y.
17
Let j = 581 + -581. Let i be (-18576)/324*(0 + (-6 - j)). What is the greatest common divisor of i and 8?
8
Suppose 3*n + 2*n = 10, 218 = 5*l + 4*n. Let y be 1/(-4) + (-5045)/(-20). What is the highest common factor of l and y?
42
Let n(z) be the first derivative of -253*z**4/4 - 2*z**3 - 7*z**2/2 - 2*z - 107. Let a be n(-1). What is the highest common divisor of a and 36?
36
Let u = 4157 - 2687. What is the highest common factor of 315 and u?
105
Let t = -81 - -132. Suppose 0 = 3*c - 2*w - 463, 0*c = c - 2*w - 157. Calculate the greatest common divisor of c and t.
51
Suppose 5*k + 305 = -2*p - 80, 20 = -4*k. Let i be (-63)/(-9) + p/(-6). What is the highest common factor of i and 259?
37
Suppose 0 = -i + 85 + 27. Suppose 2*y + 100 = 4*y - 4*b, 214 = 5*y - b. What is the greatest common divisor of y and i?
14
Suppose -3*q + 2*j + 1636 = 0, -13*j + 12*j = 2. Calculate the greatest common divisor of q and 85.
17
Let r(d) = 3*d**2 - 5*d + 2. Let k be r(3). Let a be (-3)/((-18)/750) + 8/(8/1). Calculate the highest common factor of k and a.
14
Let f be 1/2 - (-274)/4. Let j = -121 + 71. Let g = j - -96. Calculate the greatest common factor of f and g.
23
Let r = 106 - 94. Suppose p = 14*b - r*b + 140, 0 = 4*b. Let q(d) = 6*d**2 + 3*d + 2. Let l be q(-2). Calculate the greatest common factor of p and l.
20
Let y = -2933 + 2996. Calculate the highest common divisor of 1953 and y.
63
Let r = 303 - 297. Suppose r*q - 506 = 1294. What is the greatest common divisor of 45 and q?
15
Let n = 1597 + -1138. Suppose 0 = -2*d - j + n, 3*d - d + 5*j = 439. Suppose 0*g - 87 = -3*g. Calculate the highest common factor of d and g.
29
Suppose -b = -2*d - 2*b + 726 + 54, 0 = b. What is the highest common divisor of 5590 and d?
130
Suppose 340 = 2*c - 2*p, -5*p = c - 308 + 114. Suppose c = -4*i - 338. Let n be (-25)/2*(2 + i/40). Calculate the greatest common divisor of 25 and n.
5
Let o = -208 + 251. Suppose 4*i - o = 117. Calculate the highest common factor of i and 30.
10
Suppose -2*z = 3*y - 276, 4*z = 3*y - 0*z - 258. Let k = 189 - 113. Let r = 86 - k. What is the greatest common divisor of r and y?
10
Let x be 5/(-5)*4 - -4. Suppose x = -2*s - 0*s - 8, 20 = -2*v - 2*s. Let n be -2*(-9)/v*-10. What is the highest common factor of n and 20?
10
Let w = 4114 + -3607. Calculate the highest common divisor of 12 and w.
3
Suppose -9*g + 206483 + 145219 = -0*g. Calculate the greatest common factor of 234 and g.
234
Let c be 8*(-10)/((-140)/21). Suppose 12 = -2*d + 6*d. Suppose -d*r + c = 6. What is the greatest common factor of 16 and r?
2
Suppose 609*z - 17235 = 63762. Let n(b) = b**2 + 4*b - 6. Let d be n(-7). Let k = 53 - d. What is the highest common factor of z and k?
19
Suppose -i - 49*d = -52*d - 273, 2*i + 2*d = 514. What is the highest common factor of 243 and i?
9
Let g(j) = -2*j**3 - 8*j**2 - 6*j - 10. Let k = 23 + -28. Let d be g(k). Let l be d/8*(-6 - -10). What is the greatest common divisor of l and 7?
7
Let f be (5 - 2)*1/1. Suppose 4*d - 1 = f. Let q be ((-6)/(-8))/(d/4). What is the highest common divisor of q and 9?
3
Let y = 13 + 7. Suppose -10*c = -32*c + 220. Calculate the highest common divisor of y and c.
10
Let k = -21 - -23. Suppose -4*m + q = -k*m - 53, -3*m + 82 = -q. Calculate the highest common divisor of m and 377.
29
Let n = 457 - 394. Calculate the greatest common divisor of 4977 and n.
63
Let j(x) = 131*x**3 + 23*x**2 + 50*x - 44. Let g be j(6). Calculate the highest common divisor of g and 520.
260
Suppose 13384 = 315*d - 9926. Let z(o) = 4*o**2 - 5*o - 1. Let y be z(5). Calculate the highest common factor of y and d.
74
Suppose -40 = 5*a - b + 6*b, 3*a - 5*b = -40. Let k(j) = -j**3 - 9*j**2 + 8*j + 15. Let d be k(a). Calculate the greatest common factor of 14 and d.
7
Let s(q) = 43*q + 732. Let m be s(83). Calculate the highest common factor of 68 and m.
17
Let w be (-4322)/(-56) + 44/77 - (-2)/8. Calculate the highest common factor of w and 40794.
78
Let j be (3 - 1) + 0 + 212/2. Suppose -5*p + j + 1052 = 0. Suppose 12*m = 4*m + p. Calculate the highest common factor of 29 and m.
29
Suppose -8*x - 19 = -11. Let n be 25*x/1*-1. What is the highest common divisor of 10 and n?
5
Let p(r) = -3*r**3 + 18*r**2 - 4*r + 26. Let c be p(6). Let s be c/(-12)*2 + 530/6. What is the highest common divisor of s and 32?
8
Let a be (-1*(-25)/20)/((-5)/(-20)). Suppose 54 = a*z - 86. What is the greatest common divisor of z and 182?
14
Let b(f) = 28*f**3 + 15*f**2 + 32*f + 3. Let o be b(3). What is the greatest common divisor of 1210 and o?
110
Let k(c) = c**2 - c + 38. Let m be k(0). Suppose 3*z + 178 = 2*y, y + 3*z = 115 - 8. What is the greatest common factor of y and m?
19
Let k be 30*(-3 - (-22)/4). Suppose -3553 = 7*p - 9328. Calculate the greatest common factor of k and p.
75
Suppose r - 35*q + 31*q - 2130 = 0, -3*r = -3*q - 6453. Calculate the highest common divisor of 2 and r.
2
Suppose 0 = -2*d - 4*x + 50, 0 = 2*d + 5*x - 49 + 2. Let w = 70 + -39. Calculate the 